CRAN Package Check Results for Package lime

Last updated on 2021-09-19 16:49:05 CEST.

Flavor Version Tinstall Tcheck Ttotal Status Flags
r-devel-linux-x86_64-debian-clang 0.5.2 48.68 170.66 219.34 OK
r-devel-linux-x86_64-debian-gcc 0.5.2 33.83 135.30 169.13 OK
r-devel-linux-x86_64-fedora-clang 0.5.2 277.11 OK
r-devel-linux-x86_64-fedora-gcc 0.5.2 278.68 OK
r-devel-windows-x86_64 0.5.2 51.00 221.00 272.00 OK
r-devel-windows-x86_64-gcc10-UCRT 0.5.2 ERROR
r-patched-linux-x86_64 0.5.2 40.14 167.17 207.31 OK
r-patched-solaris-x86 0.5.2 369.50 OK
r-release-linux-x86_64 0.5.2 38.96 168.18 207.14 OK
r-release-macos-arm64 0.5.2 OK
r-release-macos-x86_64 0.5.2 OK
r-release-windows-ix86+x86_64 0.5.2 117.00 245.00 362.00 OK
r-oldrel-macos-x86_64 0.5.2 OK
r-oldrel-windows-ix86+x86_64 0.5.2 122.00 247.00 369.00 OK

Check Details

Version: 0.5.2
Check: whether package can be installed
Result: ERROR
    Installation failed.
Flavor: r-devel-windows-x86_64-gcc10-UCRT