CRAN Package Check Results for Package lingglosses

Last updated on 2024-06-13 04:52:29 CEST.

Flavor Version Tinstall Tcheck Ttotal Status Flags
r-devel-linux-x86_64-debian-clang 0.0.7 3.82 48.68 52.50 OK
r-devel-linux-x86_64-debian-gcc 0.0.7 0.35 1.64 1.99 ERROR
r-devel-linux-x86_64-fedora-clang 0.0.7 67.38 OK
r-devel-linux-x86_64-fedora-gcc 0.0.7 63.99 OK
r-devel-windows-x86_64 0.0.7 6.00 62.00 68.00 OK
r-patched-linux-x86_64 0.0.7 5.23 46.96 52.19 OK
r-release-linux-x86_64 0.0.7 5.26 46.52 51.78 OK
r-release-macos-arm64 0.0.7 26.00 OK
r-release-macos-x86_64 0.0.7 44.00 OK
r-release-windows-x86_64 0.0.7 6.00 63.00 69.00 OK
r-oldrel-macos-arm64 0.0.7 27.00 OK
r-oldrel-macos-x86_64 0.0.7 42.00 OK
r-oldrel-windows-x86_64 0.0.7 8.00 66.00 74.00 OK

Check Details

Version: 0.0.7
Check: package dependencies
Result: ERROR Package required but not available: ‘kableExtra’ Package suggested but not available for checking: ‘testthat’ See section ‘The DESCRIPTION file’ in the ‘Writing R Extensions’ manual. Flavor: r-devel-linux-x86_64-debian-gcc