CRAN Package Check Results for Package liteq

Last updated on 2021-10-25 01:48:51 CEST.

Flavor Version Tinstall Tcheck Ttotal Status Flags
r-devel-linux-x86_64-debian-clang 1.1.0 4.77 40.33 45.10 NOTE
r-devel-linux-x86_64-debian-gcc 1.1.0 3.68 31.43 35.11 NOTE
r-devel-linux-x86_64-fedora-clang 1.1.0 64.63 NOTE
r-devel-linux-x86_64-fedora-gcc 1.1.0 54.28 NOTE
r-devel-windows-x86_64 1.1.0 8.00 65.00 73.00 NOTE
r-devel-windows-x86_64-gcc10-UCRT 1.1.0 NOTE
r-patched-linux-x86_64 1.1.0 5.33 39.25 44.58 NOTE
r-patched-solaris-x86 1.1.0 83.60 NOTE
r-release-linux-x86_64 1.1.0 4.54 39.22 43.76 NOTE
r-release-macos-arm64 1.1.0 NOTE
r-release-macos-x86_64 1.1.0 NOTE
r-release-windows-ix86+x86_64 1.1.0 9.00 63.00 72.00 NOTE
r-oldrel-macos-x86_64 1.1.0 OK
r-oldrel-windows-ix86+x86_64 1.1.0 11.00 69.00 80.00 OK

Check Details

Version: 1.1.0
Check: LazyData
Result: NOTE
     'LazyData' is specified without a 'data' directory
Flavors: r-devel-linux-x86_64-debian-clang, r-devel-linux-x86_64-debian-gcc, r-devel-linux-x86_64-fedora-clang, r-devel-linux-x86_64-fedora-gcc, r-devel-windows-x86_64, r-devel-windows-x86_64-gcc10-UCRT, r-patched-linux-x86_64, r-patched-solaris-x86, r-release-linux-x86_64, r-release-macos-arm64, r-release-macos-x86_64, r-release-windows-ix86+x86_64