CRAN Package Check Results for Package litteR

Last updated on 2024-07-25 10:46:15 CEST.

Flavor Version Tinstall Tcheck Ttotal Status Flags
r-devel-linux-x86_64-debian-clang 1.0.0 10.73 82.83 93.56 NOTE
r-devel-linux-x86_64-debian-gcc 1.0.0 7.70 63.54 71.24 NOTE
r-devel-linux-x86_64-fedora-clang 1.0.0 122.22 NOTE
r-devel-linux-x86_64-fedora-gcc 1.0.0 125.94 NOTE
r-devel-windows-x86_64 1.0.0 11.00 85.00 96.00 NOTE
r-patched-linux-x86_64 1.0.0 NOTE
r-release-linux-x86_64 1.0.0 5.82 82.11 87.93 NOTE
r-release-macos-arm64 1.0.0 53.00 NOTE
r-release-macos-x86_64 1.0.0 113.00 NOTE
r-release-windows-x86_64 1.0.0 10.00 86.00 96.00 NOTE
r-oldrel-macos-arm64 1.0.0 42.00 OK
r-oldrel-macos-x86_64 1.0.0 59.00 OK
r-oldrel-windows-x86_64 1.0.0 12.00 96.00 108.00 OK

Check Details

Version: 1.0.0
Check: Rd files
Result: NOTE checkRd: (-1) is_natural_number.Rd:17: Lost braces; missing escapes or markup? 17 | Test for natural numbers according to ISO 80000-2, that is the set {0, 1, 2, ...} | ^ Flavors: r-devel-linux-x86_64-debian-clang, r-devel-linux-x86_64-debian-gcc, r-devel-linux-x86_64-fedora-clang, r-devel-linux-x86_64-fedora-gcc, r-devel-windows-x86_64, r-patched-linux-x86_64, r-release-linux-x86_64, r-release-macos-arm64, r-release-macos-x86_64, r-release-windows-x86_64

Version: 1.0.0
Check: Rd cross-references
Result: NOTE Found the following Rd file(s) with Rd \link{} targets missing package anchors: list_duplicates.Rd: tibble Please provide package anchors for all Rd \link{} targets not in the package itself and the base packages. Flavors: r-devel-linux-x86_64-debian-gcc, r-devel-windows-x86_64