CRAN Package Check Results for Package livechatR

Last updated on 2021-10-19 07:49:41 CEST.

Flavor Version Tinstall Tcheck Ttotal Status Flags
r-devel-linux-x86_64-debian-clang 0.1.0 4.34 42.88 47.22 NOTE
r-devel-linux-x86_64-debian-gcc 0.1.0 3.64 32.02 35.66 NOTE
r-devel-linux-x86_64-fedora-clang 0.1.0 68.59 NOTE
r-devel-linux-x86_64-fedora-gcc 0.1.0 54.03 NOTE
r-devel-windows-x86_64 0.1.0 8.00 59.00 67.00 NOTE
r-devel-windows-x86_64-gcc10-UCRT 0.1.0 NOTE
r-patched-linux-x86_64 0.1.0 4.14 39.46 43.60 NOTE
r-patched-solaris-x86 0.1.0 79.40 NOTE
r-release-linux-x86_64 0.1.0 4.05 39.74 43.79 NOTE
r-release-macos-arm64 0.1.0 NOTE
r-release-macos-x86_64 0.1.0 NOTE
r-release-windows-ix86+x86_64 0.1.0 11.00 58.00 69.00 NOTE
r-oldrel-macos-x86_64 0.1.0 OK
r-oldrel-windows-ix86+x86_64 0.1.0 12.00 72.00 84.00 OK

Check Details

Version: 0.1.0
Check: LazyData
Result: NOTE
     'LazyData' is specified without a 'data' directory
Flavors: r-devel-linux-x86_64-debian-clang, r-devel-linux-x86_64-debian-gcc, r-devel-linux-x86_64-fedora-clang, r-devel-linux-x86_64-fedora-gcc, r-devel-windows-x86_64, r-devel-windows-x86_64-gcc10-UCRT, r-patched-linux-x86_64, r-patched-solaris-x86, r-release-linux-x86_64, r-release-macos-arm64, r-release-macos-x86_64, r-release-windows-ix86+x86_64