CRAN Package Check Results for Package lm.br

Last updated on 2021-09-22 01:48:51 CEST.

Flavor Version Tinstall Tcheck Ttotal Status Flags
r-devel-linux-x86_64-debian-clang 2.9.3 228.59 69.40 297.99 OK
r-devel-linux-x86_64-debian-gcc 2.9.3 128.20 50.71 178.91 OK
r-devel-linux-x86_64-fedora-clang 2.9.3 442.25 OK
r-devel-linux-x86_64-fedora-gcc 2.9.3 349.05 OK
r-devel-windows-x86_64 2.9.3 217.00 92.00 309.00 OK
r-devel-windows-x86_64-gcc10-UCRT 2.9.3 ERROR
r-patched-linux-x86_64 2.9.3 161.55 67.86 229.41 OK
r-patched-solaris-x86 2.9.3 320.10 OK
r-release-linux-x86_64 2.9.3 158.08 68.02 226.10 OK
r-release-macos-arm64 2.9.3 NOTE
r-release-macos-x86_64 2.9.3 OK
r-release-windows-ix86+x86_64 2.9.3 509.00 111.00 620.00 OK
r-oldrel-macos-x86_64 2.9.3 OK
r-oldrel-windows-ix86+x86_64 2.9.3 485.00 116.00 601.00 OK

Check Details

Version: 2.9.3
Check: whether package can be installed
Result: ERROR
    Installation failed.
Flavor: r-devel-windows-x86_64-gcc10-UCRT

Version: 2.9.3
Check: installed package size
Result: NOTE
     installed size is 5.2Mb
     sub-directories of 1Mb or more:
     libs 4.9Mb
Flavor: r-release-macos-arm64