CRAN Package Check Results for Package logisticPCA

Last updated on 2024-02-21 09:08:42 CET.

Flavor Version Tinstall Tcheck Ttotal Status Flags
r-devel-linux-x86_64-debian-clang 0.2 OK
r-devel-linux-x86_64-debian-gcc 0.2 3.16 45.88 49.04 OK
r-devel-linux-x86_64-fedora-clang 0.2 80.00 NOTE
r-devel-linux-x86_64-fedora-gcc 0.2 90.01 NOTE
r-devel-windows-x86_64 0.2 6.00 81.00 87.00 OK
r-patched-linux-x86_64 0.2 3.92 60.54 64.46 OK
r-release-linux-x86_64 0.2 4.61 59.46 64.07 OK
r-release-macos-arm64 0.2 42.00 OK
r-release-macos-x86_64 0.2 63.00 OK
r-release-windows-x86_64 0.2 8.00 87.00 95.00 OK
r-oldrel-macos-arm64 0.2 33.00 OK
r-oldrel-windows-x86_64 0.2 8.00 85.00 93.00 OK

Check Details

Version: 0.2
Check: compiled code
Result: NOTE File ‘logisticPCA/libs/logisticPCA.so’: Found no calls to: ‘R_registerRoutines’, ‘R_useDynamicSymbols’ It is good practice to register native routines and to disable symbol search. See ‘Writing portable packages’ in the ‘Writing R Extensions’ manual. Flavors: r-devel-linux-x86_64-fedora-clang, r-devel-linux-x86_64-fedora-gcc