CRAN Package Check Results for Package lognorm

Last updated on 2021-09-23 13:54:51 CEST.

Flavor Version Tinstall Tcheck Ttotal Status Flags
r-devel-linux-x86_64-debian-clang 0.1.9 7.69 81.17 88.86 NOTE
r-devel-linux-x86_64-debian-gcc 0.1.9 6.62 61.53 68.15 NOTE
r-devel-linux-x86_64-fedora-clang 0.1.9 112.33 NOTE
r-devel-linux-x86_64-fedora-gcc 0.1.9 101.23 NOTE
r-devel-windows-x86_64 0.1.9 9.00 80.00 89.00 NOTE
r-devel-windows-x86_64-gcc10-UCRT 0.1.9 ERROR
r-patched-linux-x86_64 0.1.9 7.89 83.98 91.87 NOTE
r-patched-solaris-x86 0.1.9 159.60 NOTE
r-release-linux-x86_64 0.1.9 6.99 84.12 91.11 NOTE
r-release-macos-arm64 0.1.9 NOTE
r-release-macos-x86_64 0.1.9 NOTE
r-release-windows-ix86+x86_64 0.1.9 17.00 91.00 108.00 NOTE
r-oldrel-macos-x86_64 0.1.9 OK
r-oldrel-windows-ix86+x86_64 0.1.9 13.00 85.00 98.00 OK

Check Details

Version: 0.1.9
Check: LazyData
Result: NOTE
     'LazyData' is specified without a 'data' directory
Flavors: r-devel-linux-x86_64-debian-clang, r-devel-linux-x86_64-debian-gcc, r-devel-linux-x86_64-fedora-clang, r-devel-linux-x86_64-fedora-gcc, r-devel-windows-x86_64, r-devel-windows-x86_64-gcc10-UCRT, r-patched-linux-x86_64, r-patched-solaris-x86, r-release-linux-x86_64, r-release-macos-arm64, r-release-macos-x86_64, r-release-windows-ix86+x86_64

Version: 0.1.9
Check: PDF version of manual
Result: WARN
    LaTeX errors when creating PDF version.
    This typically indicates Rd problems.
Flavor: r-devel-windows-x86_64-gcc10-UCRT

Version: 0.1.9
Check: PDF version of manual without hyperrefs or index
Result: ERROR
    Re-running with no redirection of stdout/stderr.
Flavor: r-devel-windows-x86_64-gcc10-UCRT