CRAN Package Check Results for Package longit

Last updated on 2021-10-18 19:51:41 CEST.

Flavor Version Tinstall Tcheck Ttotal Status Flags
r-devel-linux-x86_64-debian-clang 0.1.0 28.89 267.84 296.73 OK
r-devel-linux-x86_64-debian-gcc 0.1.0 25.12 199.42 224.54 OK
r-devel-linux-x86_64-fedora-clang 0.1.0 365.54 NOTE
r-devel-linux-x86_64-fedora-gcc 0.1.0 357.05 NOTE
r-devel-windows-x86_64 0.1.0 45.00 290.00 335.00 OK
r-devel-windows-x86_64-gcc10-UCRT 0.1.0 NOTE
r-patched-linux-x86_64 0.1.0 29.53 261.09 290.62 OK
r-patched-solaris-x86 0.1.0 477.00 NOTE
r-release-linux-x86_64 0.1.0 27.87 259.80 287.67 OK
r-release-macos-arm64 0.1.0 NOTE
r-release-macos-x86_64 0.1.0 NOTE
r-release-windows-ix86+x86_64 0.1.0 65.00 308.00 373.00 OK
r-oldrel-macos-x86_64 0.1.0 NOTE
r-oldrel-windows-ix86+x86_64 0.1.0 36.00 170.00 206.00 OK

Check Details

Version: 0.1.0
Check: dependencies in R code
Result: NOTE
    Namespace in Imports field not imported from: ‘utils’
     All declared Imports should be used.
Flavors: r-devel-linux-x86_64-fedora-clang, r-devel-linux-x86_64-fedora-gcc, r-devel-windows-x86_64-gcc10-UCRT, r-patched-solaris-x86, r-release-macos-arm64, r-release-macos-x86_64, r-oldrel-macos-x86_64