CRAN Package Check Results for Package loon.data

Last updated on 2021-11-27 03:58:02 CET.

Flavor Version Tinstall Tcheck Ttotal Status Flags
r-devel-linux-x86_64-debian-clang 0.1.3 2.25 32.57 34.82 OK
r-devel-linux-x86_64-debian-gcc 0.1.3 1.80 26.34 28.14 OK
r-devel-linux-x86_64-fedora-clang 0.1.3 53.54 NOTE
r-devel-linux-x86_64-fedora-gcc 0.1.3 45.66 NOTE
r-devel-windows-x86_64-new-UL 0.1.3 11.00 67.00 78.00 OK
r-devel-windows-x86_64-new-TK 0.1.3 NOTE
r-devel-windows-x86_64-old 0.1.3 4.00 50.00 54.00 OK
r-patched-linux-x86_64 0.1.3 2.51 31.61 34.12 OK
r-patched-solaris-x86 0.1.3 67.70 NOTE
r-release-linux-x86_64 0.1.3 OK
r-release-macos-arm64 0.1.3 NOTE
r-release-macos-x86_64 0.1.3 NOTE
r-release-windows-ix86+x86_64 0.1.3 6.00 36.00 42.00 OK
r-oldrel-macos-x86_64 0.1.3 NOTE
r-oldrel-windows-ix86+x86_64 0.1.3 5.00 36.00 41.00 OK

Check Details

Version: 0.1.3
Check: data for non-ASCII characters
Result: NOTE
     Note: found 994 marked Latin-1 strings
Flavors: r-devel-linux-x86_64-fedora-clang, r-devel-linux-x86_64-fedora-gcc, r-devel-windows-x86_64-new-TK, r-patched-solaris-x86, r-release-macos-arm64, r-release-macos-x86_64, r-oldrel-macos-x86_64