CRAN Package Check Results for Package lowpassFilter

Last updated on 2021-09-22 01:48:52 CEST.

Flavor Version Tinstall Tcheck Ttotal Status Flags
r-devel-linux-x86_64-debian-clang 1.0-0 42.75 94.35 137.10 OK
r-devel-linux-x86_64-debian-gcc 1.0-0 25.71 65.80 91.51 OK
r-devel-linux-x86_64-fedora-clang 1.0-0 182.35 OK
r-devel-linux-x86_64-fedora-gcc 1.0-0 158.48 OK
r-devel-windows-x86_64 1.0-0 43.00 98.00 141.00 OK
r-devel-windows-x86_64-gcc10-UCRT 1.0-0 ERROR
r-patched-linux-x86_64 1.0-0 30.34 84.29 114.63 OK
r-patched-solaris-x86 1.0-0 172.30 OK
r-release-linux-x86_64 1.0-0 33.84 84.93 118.77 OK
r-release-macos-arm64 1.0-0 OK
r-release-macos-x86_64 1.0-0 OK
r-release-windows-ix86+x86_64 1.0-0 101.00 155.00 256.00 OK
r-oldrel-macos-x86_64 1.0-0 OK
r-oldrel-windows-ix86+x86_64 1.0-0 97.00 147.00 244.00 OK

Check Details

Version: 1.0-0
Check: whether package can be installed
Result: ERROR
    Installation failed.
Flavor: r-devel-windows-x86_64-gcc10-UCRT