CRAN Package Check Results for Package lsl

Last updated on 2021-10-18 19:51:41 CEST.

Flavor Version Tinstall Tcheck Ttotal Status Flags
r-devel-linux-x86_64-debian-clang 0.5.6 7.22 62.13 69.35 NOTE
r-devel-linux-x86_64-debian-gcc 0.5.6 5.56 47.22 52.78 NOTE
r-devel-linux-x86_64-fedora-clang 0.5.6 92.93 NOTE
r-devel-linux-x86_64-fedora-gcc 0.5.6 79.63 NOTE
r-devel-windows-x86_64 0.5.6 14.00 84.00 98.00 NOTE
r-devel-windows-x86_64-gcc10-UCRT 0.5.6 NOTE
r-patched-linux-x86_64 0.5.6 6.42 57.55 63.97 NOTE
r-patched-solaris-x86 0.5.6 121.00 NOTE
r-release-linux-x86_64 0.5.6 5.66 57.29 62.95 NOTE
r-release-macos-arm64 0.5.6 NOTE
r-release-macos-x86_64 0.5.6 NOTE
r-release-windows-ix86+x86_64 0.5.6 19.00 80.00 99.00 NOTE
r-oldrel-macos-x86_64 0.5.6 OK
r-oldrel-windows-ix86+x86_64 0.5.6 21.00 83.00 104.00 OK

Check Details

Version: 0.5.6
Check: LazyData
Result: NOTE
     'LazyData' is specified without a 'data' directory
Flavors: r-devel-linux-x86_64-debian-clang, r-devel-linux-x86_64-debian-gcc, r-devel-linux-x86_64-fedora-clang, r-devel-linux-x86_64-fedora-gcc, r-devel-windows-x86_64, r-devel-windows-x86_64-gcc10-UCRT, r-patched-linux-x86_64, r-patched-solaris-x86, r-release-linux-x86_64, r-release-macos-arm64, r-release-macos-x86_64, r-release-windows-ix86+x86_64