CRAN Package Check Results for Package ltsa

Last updated on 2021-09-18 22:53:06 CEST.

Flavor Version Tinstall Tcheck Ttotal Status Flags
r-devel-linux-x86_64-debian-clang 1.4.6 5.04 31.65 36.69 OK
r-devel-linux-x86_64-debian-gcc 1.4.6 3.20 24.63 27.83 OK
r-devel-linux-x86_64-fedora-clang 1.4.6 53.73 NOTE
r-devel-linux-x86_64-fedora-gcc 1.4.6 42.78 NOTE
r-devel-windows-x86_64 1.4.6 10.00 45.00 55.00 OK
r-devel-windows-x86_64-gcc10-UCRT 1.4.6 OK
r-patched-linux-x86_64 1.4.6 3.91 30.95 34.86 OK
r-patched-solaris-x86 1.4.6 59.10 OK
r-release-linux-x86_64 1.4.6 4.01 31.18 35.19 OK
r-release-macos-arm64 1.4.6 OK
r-release-macos-x86_64 1.4.6 OK
r-release-windows-ix86+x86_64 1.4.6 18.00 41.00 59.00 OK
r-oldrel-macos-x86_64 1.4.6 OK
r-oldrel-windows-ix86+x86_64 1.4.6 15.00 44.00 59.00 OK

Check Details

Version: 1.4.6
Check: compiled code
Result: NOTE
    File ‘ltsa/libs/ltsa.so’:
     Found no calls to: ‘R_registerRoutines’, ‘R_useDynamicSymbols’
    
    It is good practice to register native routines and to disable symbol
    search.
    
    See ‘Writing portable packages’ in the ‘Writing R Extensions’ manual.
Flavors: r-devel-linux-x86_64-fedora-clang, r-devel-linux-x86_64-fedora-gcc