CRAN Package Check Results for Package lubridate

Last updated on 2021-08-03 10:52:25 CEST.

Flavor Version Tinstall Tcheck Ttotal Status Flags
r-devel-linux-x86_64-debian-clang 1.7.10 40.78 97.49 138.27 OK
r-devel-linux-x86_64-debian-gcc 1.7.10 29.41 73.75 103.16 OK
r-devel-linux-x86_64-fedora-clang 1.7.10 188.11 OK
r-devel-linux-x86_64-fedora-gcc 1.7.10 167.89 OK
r-devel-windows-x86_64 1.7.10 46.00 139.00 185.00 OK
r-devel-windows-x86_64-gcc10-UCRT 1.7.10 OK
r-patched-linux-x86_64 1.7.10 36.73 92.82 129.55 OK
r-patched-solaris-x86 1.7.10 198.80 OK
r-release-linux-x86_64 1.7.10 36.89 94.36 131.25 OK
r-release-macos-arm64 1.7.10 ERROR
r-release-macos-x86_64 1.7.10 WARN
r-release-windows-ix86+x86_64 1.7.10 103.00 191.00 294.00 OK
r-oldrel-macos-x86_64 1.7.10 OK
r-oldrel-windows-ix86+x86_64 1.7.10 78.00 212.00 290.00 OK

Check Details

Version: 1.7.10
Check: tests
Result: ERROR
     Running ‘testthat.R’ [7s/8s]
    Running the tests in ‘tests/testthat.R’ failed.
    Last 13 lines of output:
    
     date, intersect, setdiff, union
    
     ══ Skipped tests ═══════════════════════════════════════════════════════════════
     • Fixm ymd_hms OSz parsing (2)
     • On CRAN (6)
    
     ══ Failed tests ════════════════════════════════════════════════════════════════
     ── Failure (test-round.R:347:3): round_date does not round dates that are already on a boundary ──
     round_date(as.Date("2012-09-27"), "day") not equal to as.Date("2012-09-27").
     Mean relative difference: 6.40574e-05
    
     [ FAIL 1 | WARN 0 | SKIP 8 | PASS 2678 ]
     Error: Test failures
     Execution halted
Flavor: r-release-macos-arm64

Version: 1.7.10
Check: re-building of vignette outputs
Result: WARN
    Error(s) in re-building vignettes:
     ...
    --- re-building ‘lubridate.Rmd’ using rmarkdown
    Warning in engine$weave(file, quiet = quiet, encoding = enc) :
     Pandoc (>= 1.12.3) not available. Falling back to R Markdown v1.
    Error: processing vignette 'lubridate.Rmd' failed with diagnostics:
    there is no package called 'stringi'
    --- failed re-building ‘lubridate.Rmd’
    
    SUMMARY: processing the following file failed:
     ‘lubridate.Rmd’
    
    Error: Vignette re-building failed.
    Execution halted
Flavor: r-release-macos-x86_64