CRAN Package Check Results for Package lue

Last updated on 2021-10-18 19:51:41 CEST.

Flavor Version Tinstall Tcheck Ttotal Status Flags
r-devel-linux-x86_64-debian-clang 0.2.1 1.94 39.05 40.99 OK
r-devel-linux-x86_64-debian-gcc 0.2.1 1.67 29.97 31.64 OK
r-devel-linux-x86_64-fedora-clang 0.2.1 59.39 NOTE
r-devel-linux-x86_64-fedora-gcc 0.2.1 49.36 NOTE
r-devel-windows-x86_64 0.2.1 4.00 59.00 63.00 OK
r-devel-windows-x86_64-gcc10-UCRT 0.2.1 NOTE
r-patched-linux-x86_64 0.2.1 2.27 37.68 39.95 OK
r-patched-solaris-x86 0.2.1 51.90 NOTE
r-release-linux-x86_64 0.2.1 1.74 37.32 39.06 OK
r-release-macos-arm64 0.2.1 NOTE
r-release-macos-x86_64 0.2.1 NOTE
r-release-windows-ix86+x86_64 0.2.1 4.00 65.00 69.00 OK
r-oldrel-macos-x86_64 0.2.1 NOTE
r-oldrel-windows-ix86+x86_64 0.2.1 5.00 50.00 55.00 OK

Check Details

Version: 0.2.1
Check: dependencies in R code
Result: NOTE
    Namespaces in Imports field not imported from:
     ‘ncdf4’ ‘raster’
     All declared Imports should be used.
Flavors: r-devel-linux-x86_64-fedora-clang, r-devel-linux-x86_64-fedora-gcc, r-devel-windows-x86_64-gcc10-UCRT, r-patched-solaris-x86, r-release-macos-arm64, r-release-macos-x86_64, r-oldrel-macos-x86_64