CRAN Package Check Results for Package macleish

Last updated on 2021-09-23 01:49:44 CEST.

Flavor Version Tinstall Tcheck Ttotal Status Flags
r-devel-linux-x86_64-debian-clang 0.3.8 9.62 85.46 95.08 OK
r-devel-linux-x86_64-debian-gcc 0.3.8 7.09 64.95 72.04 OK
r-devel-linux-x86_64-fedora-clang 0.3.8 122.33 OK
r-devel-linux-x86_64-fedora-gcc 0.3.8 110.37 OK
r-devel-windows-x86_64 0.3.8 11.00 81.00 92.00 OK
r-devel-windows-x86_64-gcc10-UCRT 0.3.8 ERROR
r-patched-linux-x86_64 0.3.8 8.09 80.35 88.44 OK
r-patched-solaris-x86 0.3.8 175.30 OK
r-release-linux-x86_64 0.3.8 7.72 78.83 86.55 OK
r-release-macos-arm64 0.3.8 OK
r-release-macos-x86_64 0.3.8 OK
r-release-windows-ix86+x86_64 0.3.8 17.00 91.00 108.00 OK
r-oldrel-macos-x86_64 0.3.8 OK
r-oldrel-windows-ix86+x86_64 0.3.8 13.00 77.00 90.00 OK

Check Details

Version: 0.3.8
Check: package dependencies
Result: ERROR
    Packages required but not available: 'etl', 'sf'
    
    Packages suggested but not available for checking: 'leaflet', 'clifro'
    
    See section 'The DESCRIPTION file' in the 'Writing R Extensions'
    manual.
Flavor: r-devel-windows-x86_64-gcc10-UCRT