CRAN Package Check Results for Package madrat

Last updated on 2022-01-25 09:48:40 CET.

Flavor Version Tinstall Tcheck Ttotal Status Flags
r-devel-linux-x86_64-debian-clang 2.3.2 11.85 166.95 178.80 OK
r-devel-linux-x86_64-debian-gcc 2.3.2 12.01 124.51 136.52 OK
r-devel-linux-x86_64-fedora-clang 2.3.2 193.47 OK
r-devel-linux-x86_64-fedora-gcc 2.3.2 202.75 OK
r-devel-windows-x86_64-new-UL 2.3.2 71.00 247.00 318.00 ERROR
r-devel-windows-x86_64-new-TK 2.3.2 OK
r-patched-linux-x86_64 2.3.2 13.44 127.15 140.59 OK
r-release-linux-x86_64 2.3.2 12.13 126.17 138.30 OK
r-release-macos-arm64 2.3.2 OK
r-release-macos-x86_64 2.3.2 OK
r-release-windows-ix86+x86_64 2.3.2 26.00 152.00 178.00 ERROR
r-oldrel-macos-x86_64 2.3.2 OK
r-oldrel-windows-ix86+x86_64 2.3.2 27.00 153.00 180.00 ERROR

Check Details

Version: 2.3.2
Check: tests
Result: ERROR
     Running 'testthat.R' [21s]
    Running the tests in 'tests/testthat.R' failed.
    Complete output:
     > library(testthat)
     > library(madrat)
     Loading required package: magclass
     >
     > test_check("madrat")
     [ FAIL 1 | WARN 0 | SKIP 7 | PASS 386 ]
    
     ══ Skipped tests ═══════════════════════════════════════════════════════════════
     • On CRAN (6)
     • reshape2 cannot be loaded (1)
    
     ══ Failed tests ════════════════════════════════════════════════════════════════
     ── Failure (test-config.R:3:3): cache folder can be set properly ───────────────
     getwd() not identical to getConfig("cachefolder").
     1/1 mismatches
     x[1]: "d:/Rcompile/CRANpkg/local/4.2/madrat.Rcheck/tests/testthat"
     y[1]: "D:/RCompile/CRANpkg/local/4.2/madrat.Rcheck/tests/testthat"
    
     [ FAIL 1 | WARN 0 | SKIP 7 | PASS 386 ]
     Error: Test failures
     Execution halted
Flavor: r-devel-windows-x86_64-new-UL

Version: 2.3.2
Check: tests
Result: ERROR
     Running 'testthat.R' [18s]
    Running the tests in 'tests/testthat.R' failed.
    Complete output:
     > library(testthat)
     > library(madrat)
     Loading required package: magclass
     >
     > test_check("madrat")
     [ FAIL 1 | WARN 0 | SKIP 7 | PASS 386 ]
    
     == Skipped tests ===============================================================
     * On CRAN (6)
     * reshape2 cannot be loaded (1)
    
     == Failed tests ================================================================
     -- Failure (test-config.R:3:3): cache folder can be set properly ---------------
     getwd() not identical to getConfig("cachefolder").
     1/1 mismatches
     x[1]: "d:/Rcompile/CRANpkg/local/4.1/madrat.Rcheck/tests/testthat"
     y[1]: "d:/RCompile/CRANpkg/local/4.1/madrat.Rcheck/tests/testthat"
    
     [ FAIL 1 | WARN 0 | SKIP 7 | PASS 386 ]
     Error: Test failures
     Execution halted
Flavor: r-release-windows-ix86+x86_64

Version: 2.3.2
Check: tests
Result: ERROR
     Running 'testthat.R' [20s]
    Running the tests in 'tests/testthat.R' failed.
    Complete output:
     > library(testthat)
     > library(madrat)
     Loading required package: magclass
     >
     > test_check("madrat")
     [ FAIL 1 | WARN 0 | SKIP 7 | PASS 386 ]
    
     == Skipped tests ===============================================================
     * On CRAN (6)
     * reshape2 cannot be loaded (1)
    
     == Failed tests ================================================================
     -- Failure (test-config.R:3:3): cache folder can be set properly ---------------
     getwd() not identical to getConfig("cachefolder").
     1/1 mismatches
     x[1]: "d:/Rcompile/CRANpkg/local/4.0/madrat.Rcheck/tests/testthat"
     y[1]: "d:/RCompile/CRANpkg/local/4.0/madrat.Rcheck/tests/testthat"
    
     [ FAIL 1 | WARN 0 | SKIP 7 | PASS 386 ]
     Error: Test failures
     Execution halted
Flavor: r-oldrel-windows-ix86+x86_64