CRAN Package Check Results for Package maketools

Last updated on 2021-10-17 10:49:19 CEST.

Flavor Version Tinstall Tcheck Ttotal Status Flags
r-devel-linux-x86_64-debian-clang 1.2.0 2.80 32.67 35.47 NOTE
r-devel-linux-x86_64-debian-gcc 1.2.0 2.35 25.84 28.19 NOTE
r-devel-linux-x86_64-fedora-clang 1.2.0 55.14 NOTE
r-devel-linux-x86_64-fedora-gcc 1.2.0 43.21 NOTE
r-devel-windows-x86_64 1.2.0 10.00 91.00 101.00 NOTE
r-devel-windows-x86_64-gcc10-UCRT 1.2.0 NOTE
r-patched-linux-x86_64 1.2.0 2.74 31.98 34.72 NOTE
r-patched-solaris-x86 1.2.0 64.10 NOTE
r-release-linux-x86_64 1.2.0 2.69 31.17 33.86 NOTE
r-release-macos-arm64 1.2.0 NOTE
r-release-macos-x86_64 1.2.0 NOTE
r-release-windows-ix86+x86_64 1.2.0 12.00 88.00 100.00 NOTE
r-oldrel-macos-x86_64 1.2.0 OK
r-oldrel-windows-ix86+x86_64 1.2.0 17.00 97.00 114.00 OK

Check Details

Version: 1.2.0
Check: LazyData
Result: NOTE
     'LazyData' is specified without a 'data' directory
Flavors: r-devel-linux-x86_64-debian-clang, r-devel-linux-x86_64-debian-gcc, r-devel-linux-x86_64-fedora-clang, r-devel-linux-x86_64-fedora-gcc, r-devel-windows-x86_64, r-devel-windows-x86_64-gcc10-UCRT, r-patched-linux-x86_64, r-patched-solaris-x86, r-release-linux-x86_64, r-release-macos-arm64, r-release-macos-x86_64, r-release-windows-ix86+x86_64