CRAN Package Check Results for Package mapStats

Last updated on 2021-10-28 16:50:29 CEST.

Flavor Version Tinstall Tcheck Ttotal Status Flags
r-devel-linux-x86_64-debian-clang 2.4 12.59 117.30 129.89 NOTE
r-devel-linux-x86_64-debian-gcc 2.4 10.75 88.75 99.50 NOTE
r-devel-linux-x86_64-fedora-clang 2.4 168.51 NOTE
r-devel-linux-x86_64-fedora-gcc 2.4 151.17 NOTE
r-devel-windows-x86_64 2.4 27.00 131.00 158.00 NOTE
r-devel-windows-x86_64-gcc10-UCRT 2.4 NOTE
r-patched-linux-x86_64 2.4 17.98 109.70 127.68 NOTE
r-patched-solaris-x86 2.4 227.00 NOTE
r-release-linux-x86_64 2.4 9.69 110.51 120.20 NOTE
r-release-macos-arm64 2.4 NOTE
r-release-macos-x86_64 2.4 NOTE
r-release-windows-ix86+x86_64 2.4 29.00 185.00 214.00 NOTE
r-oldrel-macos-x86_64 2.4 NOTE
r-oldrel-windows-ix86+x86_64 2.4 30.00 176.00 206.00 NOTE

Check Details

Version: 2.4
Check: R code for possible problems
Result: NOTE
    calcStats: no visible global function definition for 'as.formula'
    calcStats: no visible global function definition for 'na.omit'
    Undefined global functions or variables:
     as.formula na.omit
    Consider adding
     importFrom("stats", "as.formula", "na.omit")
    to your NAMESPACE file.
Flavors: r-devel-linux-x86_64-debian-clang, r-devel-linux-x86_64-debian-gcc, r-devel-linux-x86_64-fedora-clang, r-devel-linux-x86_64-fedora-gcc, r-devel-windows-x86_64, r-devel-windows-x86_64-gcc10-UCRT, r-patched-linux-x86_64, r-patched-solaris-x86, r-release-linux-x86_64, r-release-macos-arm64, r-release-macos-x86_64, r-release-windows-ix86+x86_64, r-oldrel-macos-x86_64, r-oldrel-windows-ix86+x86_64