CRAN Package Check Results for Package mapcan

Last updated on 2024-07-23 04:57:42 CEST.

Flavor Version Tinstall Tcheck Ttotal Status Flags
r-devel-linux-x86_64-debian-clang 0.0.1 6.30 35.23 41.53 OK
r-devel-linux-x86_64-debian-gcc 0.0.1 3.88 26.84 30.72 OK
r-devel-linux-x86_64-fedora-clang 0.0.1 52.03 NOTE
r-devel-linux-x86_64-fedora-gcc 0.0.1 90.38 NOTE
r-devel-windows-x86_64 0.0.1 13.00 60.00 73.00 OK
r-patched-linux-x86_64 0.0.1 6.69 34.32 41.01 OK
r-release-linux-x86_64 0.0.1 5.95 33.20 39.15 OK
r-release-macos-arm64 0.0.1 33.00 OK
r-release-macos-x86_64 0.0.1 65.00 OK
r-release-windows-x86_64 0.0.1 12.00 55.00 67.00 OK
r-oldrel-macos-arm64 0.0.1 36.00 OK
r-oldrel-macos-x86_64 0.0.1 52.00 OK
r-oldrel-windows-x86_64 0.0.1 16.00 58.00 74.00 OK

Check Details

Version: 0.0.1
Check: dependencies in R code
Result: NOTE Namespace in Imports field not imported from: ‘dplyr’ All declared Imports should be used. Flavors: r-devel-linux-x86_64-fedora-clang, r-devel-linux-x86_64-fedora-gcc

Version: 0.0.1
Check: data for non-ASCII characters
Result: NOTE Note: found 3058 marked UTF-8 strings Flavors: r-devel-linux-x86_64-fedora-clang, r-devel-linux-x86_64-fedora-gcc