CRAN Package Check Results for Package maptiles

Last updated on 2021-10-18 22:56:10 CEST.

Flavor Version Tinstall Tcheck Ttotal Status Flags
r-devel-linux-x86_64-debian-clang 0.3.0 17.41 193.83 211.24 OK
r-devel-linux-x86_64-debian-gcc 0.3.0 15.48 138.69 154.17 OK
r-devel-linux-x86_64-fedora-clang 0.3.0 252.18 OK
r-devel-linux-x86_64-fedora-gcc 0.3.0 237.27 OK
r-devel-windows-x86_64 0.3.0 30.00 207.00 237.00 OK
r-devel-windows-x86_64-gcc10-UCRT 0.3.0 OK
r-patched-linux-x86_64 0.3.0 19.32 182.55 201.87 OK
r-patched-solaris-x86 0.3.0 289.60 ERROR
r-release-linux-x86_64 0.3.0 16.75 180.66 197.41 OK
r-release-macos-arm64 0.3.0 OK
r-release-macos-x86_64 0.3.0 OK
r-release-windows-ix86+x86_64 0.3.0 31.00 224.00 255.00 OK
r-oldrel-macos-x86_64 0.3.0 OK
r-oldrel-windows-ix86+x86_64 0.3.0 53.00 218.00 271.00 OK

Check Details

Version: 0.3.0
Check: examples
Result: ERROR
    Running examples in ‘maptiles-Ex.R’ failed
    The error most likely occurred in:
    
    > ### Name: get_tiles
    > ### Title: Get basemap tiles from map servers
    > ### Aliases: get_tiles
    >
    > ### ** Examples
    >
    > library(sf)
    Linking to GEOS 3.9.1, GDAL 2.4.4, PROJ 5.2.0
    > library(maptiles)
    > nc <- st_read(system.file("shape/nc.shp", package="sf"), quiet = TRUE)
    > nc_osm <- get_tiles(nc, crop = TRUE, zoom = 6)
    > plot_tiles(nc_osm)
    >
    > # Download tiles from OSM, no labels
    > osmnolbl <- list(
    + src = 'osmnolabel',
    + q = 'https://{s}.tiles.wmflabs.org/osm-no-labels/{z}/{x}/{y}.png',
    + sub = c('a','b', 'c'),
    + cit = '© OpenStreetMap contributors.'
    + )
    > # dowload tiles and compose raster (SpatRaster)
    > nc_osmnolbl <- get_tiles(x = nc, provider = osmnolbl, crop = TRUE,
    + zoom = 6, verbose = TRUE)
    https://a.tiles.wmflabs.org/osm-no-labels/6/17/25.png => /tmp/RtmpuxaadX/working_dir/Rtmptca4Iv/osmnolabel_6_17_25.png
    Error in curl::curl_download(url = q, destfile = outfile) :
     SSL certificate problem: certificate has expired
    Calls: get_tiles -> get_tiles_n -> apply -> FUN -> <Anonymous>
    Execution halted
Flavor: r-patched-solaris-x86