CRAN Package Check Results for Package marcher

Last updated on 2021-09-19 07:50:29 CEST.

Flavor Version Tinstall Tcheck Ttotal Status Flags
r-devel-linux-x86_64-debian-clang 0.0-2 9.72 123.69 133.41 OK
r-devel-linux-x86_64-debian-gcc 0.0-2 7.83 93.41 101.24 OK
r-devel-linux-x86_64-fedora-clang 0.0-2 167.48 OK
r-devel-linux-x86_64-fedora-gcc 0.0-2 156.57 OK
r-devel-windows-x86_64 0.0-2 10.00 158.00 168.00 OK
r-devel-windows-x86_64-gcc10-UCRT 0.0-2 ERROR
r-patched-linux-x86_64 0.0-2 9.31 119.68 128.99 OK
r-patched-solaris-x86 0.0-2 231.60 OK
r-release-linux-x86_64 0.0-2 8.46 121.04 129.50 OK
r-release-macos-arm64 0.0-2 OK
r-release-macos-x86_64 0.0-2 OK
r-release-windows-ix86+x86_64 0.0-2 22.00 110.00 132.00 OK
r-oldrel-macos-x86_64 0.0-2 OK
r-oldrel-windows-ix86+x86_64 0.0-2 20.00 115.00 135.00 OK

Check Details

Version: 0.0-2
Check: whether package can be installed
Result: WARN
    Found the following significant warnings:
     WARNING: installation-time patches will not be applied, could not get the patches index
Flavor: r-devel-windows-x86_64-gcc10-UCRT

Version: 0.0-2
Check: PDF version of manual
Result: WARN
    LaTeX errors when creating PDF version.
    This typically indicates Rd problems.
Flavor: r-devel-windows-x86_64-gcc10-UCRT

Version: 0.0-2
Check: PDF version of manual without hyperrefs or index
Result: ERROR
    Re-running with no redirection of stdout/stderr.
Flavor: r-devel-windows-x86_64-gcc10-UCRT