CRAN Package Check Results for Package mason

Last updated on 2021-09-17 16:50:15 CEST.

Flavor Version Tinstall Tcheck Ttotal Status Flags
r-devel-linux-x86_64-debian-clang 0.3.0 3.60 51.09 54.69 NOTE
r-devel-linux-x86_64-debian-gcc 0.3.0 2.94 38.29 41.23 NOTE
r-devel-linux-x86_64-fedora-clang 0.3.0 73.11 NOTE
r-devel-linux-x86_64-fedora-gcc 0.3.0 61.83 NOTE
r-devel-windows-x86_64 0.3.0 5.00 74.00 79.00 NOTE
r-devel-windows-x86_64-gcc10-UCRT 0.3.0 NOTE
r-patched-linux-x86_64 0.3.0 3.70 46.65 50.35 NOTE
r-patched-solaris-x86 0.3.0 87.50 NOTE
r-release-linux-x86_64 0.3.0 3.67 46.62 50.29 NOTE
r-release-macos-arm64 0.3.0 NOTE
r-release-macos-x86_64 0.3.0 NOTE
r-release-windows-ix86+x86_64 0.3.0 8.00 50.00 58.00 NOTE
r-oldrel-macos-x86_64 0.3.0 OK
r-oldrel-windows-ix86+x86_64 0.3.0 8.00 49.00 57.00 OK

Check Details

Version: 0.3.0
Check: LazyData
Result: NOTE
     'LazyData' is specified without a 'data' directory
Flavors: r-devel-linux-x86_64-debian-clang, r-devel-linux-x86_64-debian-gcc, r-devel-linux-x86_64-fedora-clang, r-devel-linux-x86_64-fedora-gcc, r-devel-windows-x86_64, r-devel-windows-x86_64-gcc10-UCRT, r-patched-linux-x86_64, r-patched-solaris-x86, r-release-linux-x86_64, r-release-macos-arm64, r-release-macos-x86_64, r-release-windows-ix86+x86_64