CRAN Package Check Results for Package mastif

Last updated on 2021-08-01 10:51:20 CEST.

Flavor Version Tinstall Tcheck Ttotal Status Flags
r-devel-linux-x86_64-debian-clang 1.0.1 64.10 124.48 188.58 NOTE
r-devel-linux-x86_64-debian-gcc 1.0.1 45.33 88.88 134.21 NOTE
r-devel-linux-x86_64-fedora-clang 1.0.1 234.94 NOTE
r-devel-linux-x86_64-fedora-gcc 1.0.1 222.48 NOTE
r-devel-windows-x86_64 1.0.1 61.00 143.00 204.00 NOTE
r-devel-windows-x86_64-gcc10-UCRT 1.0.1 NOTE
r-patched-linux-x86_64 1.0.1 NOTE
r-patched-solaris-x86 1.0.1 227.70 NOTE
r-release-linux-x86_64 1.0.1 54.11 115.91 170.02 NOTE
r-release-macos-arm64 1.0.1 NOTE
r-release-macos-x86_64 1.0.1 NOTE
r-release-windows-ix86+x86_64 1.0.1 123.00 161.00 284.00 NOTE
r-oldrel-macos-x86_64 1.0.1 OK
r-oldrel-windows-ix86+x86_64 1.0.1 88.00 165.00 253.00 OK

Check Details

Version: 1.0.1
Check: LazyData
Result: NOTE
     'LazyData' is specified without a 'data' directory
Flavors: r-devel-linux-x86_64-debian-clang, r-devel-linux-x86_64-debian-gcc, r-devel-linux-x86_64-fedora-clang, r-devel-linux-x86_64-fedora-gcc, r-devel-windows-x86_64, r-devel-windows-x86_64-gcc10-UCRT, r-patched-linux-x86_64, r-patched-solaris-x86, r-release-linux-x86_64, r-release-macos-arm64, r-release-macos-x86_64, r-release-windows-ix86+x86_64