CRAN Package Check Results for Package matrixpls

Last updated on 2021-10-28 01:48:54 CEST.

Flavor Version Tinstall Tcheck Ttotal Status Flags
r-devel-linux-x86_64-debian-clang 1.0.13 6.58 69.19 75.77 OK
r-devel-linux-x86_64-debian-gcc 1.0.13 4.69 50.59 55.28 OK
r-devel-linux-x86_64-fedora-clang 1.0.13 94.48 NOTE
r-devel-linux-x86_64-fedora-gcc 1.0.13 82.48 NOTE
r-devel-windows-x86_64 1.0.13 10.00 71.00 81.00 OK
r-devel-windows-x86_64-gcc10-UCRT 1.0.13 OK
r-patched-linux-x86_64 1.0.13 6.34 65.55 71.89 OK
r-patched-solaris-x86 1.0.13 109.70 NOTE
r-release-linux-x86_64 1.0.13 4.71 66.07 70.78 OK
r-release-macos-arm64 1.0.13 NOTE
r-release-macos-x86_64 1.0.13 NOTE
r-release-windows-ix86+x86_64 1.0.13 11.00 90.00 101.00 OK
r-oldrel-macos-x86_64 1.0.13 NOTE
r-oldrel-windows-ix86+x86_64 1.0.13 9.00 90.00 99.00 OK

Check Details

Version: 1.0.13
Check: package dependencies
Result: NOTE
    Package suggested but not available for checking: ‘ASGSCA’
Flavors: r-devel-linux-x86_64-fedora-clang, r-devel-linux-x86_64-fedora-gcc, r-patched-solaris-x86, r-release-macos-arm64, r-release-macos-x86_64, r-oldrel-macos-x86_64

Version: 1.0.13
Check: Rd cross-references
Result: NOTE
    Undeclared package ‘sem’ in Rd xrefs
Flavor: r-devel-linux-x86_64-fedora-clang