CRAN Package Check Results for Package mbrglm

Last updated on 2024-05-25 16:58:45 CEST.

Flavor Version Tinstall Tcheck Ttotal Status Flags
r-devel-linux-x86_64-debian-clang 0.0.1 2.78 26.06 28.84 OK
r-devel-linux-x86_64-debian-gcc 0.0.1 2.39 20.01 22.40 OK
r-devel-linux-x86_64-fedora-clang 0.0.1 36.61 NOTE
r-devel-linux-x86_64-fedora-gcc 0.0.1 35.40 NOTE
r-devel-windows-x86_64 0.0.1 4.00 44.00 48.00 OK
r-patched-linux-x86_64 0.0.1 3.14 25.31 28.45 OK
r-release-linux-x86_64 0.0.1 2.79 24.49 27.28 OK
r-release-macos-arm64 0.0.1 17.00 OK
r-release-windows-x86_64 0.0.1 5.00 46.00 51.00 OK
r-oldrel-macos-arm64 0.0.1 17.00 OK
r-oldrel-macos-x86_64 0.0.1 23.00 OK
r-oldrel-windows-x86_64 0.0.1 4.00 59.00 63.00 OK

Check Details

Version: 0.0.1
Check: compiled code
Result: NOTE File ‘mbrglm/libs/mbrglm.so’: Found no calls to: ‘R_registerRoutines’, ‘R_useDynamicSymbols’ It is good practice to register native routines and to disable symbol search. See ‘Writing portable packages’ in the ‘Writing R Extensions’ manual. Flavors: r-devel-linux-x86_64-fedora-clang, r-devel-linux-x86_64-fedora-gcc