CRAN Package Check Results for Package mcStats

Last updated on 2024-07-13 04:48:41 CEST.

Flavor Version Tinstall Tcheck Ttotal Status Flags
r-devel-linux-x86_64-debian-clang 0.1.2 5.97 69.80 75.77 NOTE
r-devel-linux-x86_64-debian-gcc 0.1.2 5.21 51.18 56.39 NOTE
r-devel-linux-x86_64-fedora-clang 0.1.2 94.23 NOTE
r-devel-linux-x86_64-fedora-gcc 0.1.2 92.09 NOTE
r-devel-windows-x86_64 0.1.2 8.00 83.00 91.00 NOTE
r-patched-linux-x86_64 0.1.2 5.40 66.20 71.60 NOTE
r-release-linux-x86_64 0.1.2 3.81 66.08 69.89 NOTE
r-release-macos-arm64 0.1.2 31.00 NOTE
r-release-macos-x86_64 0.1.2 45.00 NOTE
r-release-windows-x86_64 0.1.2 8.00 78.00 86.00 NOTE
r-oldrel-macos-arm64 0.1.2 33.00 NOTE
r-oldrel-macos-x86_64 0.1.2 48.00 NOTE
r-oldrel-windows-x86_64 0.1.2 8.00 84.00 92.00 NOTE

Check Details

Version: 0.1.2
Check: LazyData
Result: NOTE 'LazyData' is specified without a 'data' directory Flavors: r-devel-linux-x86_64-debian-clang, r-devel-linux-x86_64-debian-gcc, r-devel-linux-x86_64-fedora-clang, r-devel-linux-x86_64-fedora-gcc, r-devel-windows-x86_64, r-patched-linux-x86_64, r-release-linux-x86_64, r-release-macos-arm64, r-release-macos-x86_64, r-release-windows-x86_64, r-oldrel-macos-arm64, r-oldrel-macos-x86_64, r-oldrel-windows-x86_64