CRAN Package Check Results for Package mcmcabn

Last updated on 2021-09-20 22:55:34 CEST.

Flavor Version Tinstall Tcheck Ttotal Status Flags
r-devel-linux-x86_64-debian-clang 0.4 16.14 172.06 188.20 OK
r-devel-linux-x86_64-debian-gcc 0.4 14.02 126.59 140.61 OK
r-devel-linux-x86_64-fedora-clang 0.4 229.18 OK
r-devel-linux-x86_64-fedora-gcc 0.4 213.48 OK
r-devel-windows-x86_64 0.4 20.00 147.00 167.00 OK
r-devel-windows-x86_64-gcc10-UCRT 0.4 ERROR
r-patched-linux-x86_64 0.4 15.98 159.55 175.53 OK
r-patched-solaris-x86 0.4 316.40 OK
r-release-linux-x86_64 0.4 16.35 158.42 174.77 OK
r-release-macos-arm64 0.4 OK
r-release-macos-x86_64 0.4 OK
r-release-windows-ix86+x86_64 0.4 42.00 136.00 178.00 OK
r-oldrel-macos-x86_64 0.4 OK
r-oldrel-windows-ix86+x86_64 0.4 39.00 145.00 184.00 OK

Check Details

Version: 0.4
Check: whether package can be installed
Result: WARN
    Found the following significant warnings:
     WARNING: installation-time patches will not be applied, could not get the patches index
Flavor: r-devel-windows-x86_64-gcc10-UCRT

Version: 0.4
Check: PDF version of manual
Result: WARN
    LaTeX errors when creating PDF version.
    This typically indicates Rd problems.
Flavor: r-devel-windows-x86_64-gcc10-UCRT

Version: 0.4
Check: PDF version of manual without hyperrefs or index
Result: ERROR
    Re-running with no redirection of stdout/stderr.
Flavor: r-devel-windows-x86_64-gcc10-UCRT