CRAN Package Check Results for Package mcmcse

Last updated on 2021-09-21 16:51:32 CEST.

Flavor Version Tinstall Tcheck Ttotal Status Flags
r-devel-linux-x86_64-debian-clang 1.5-0 144.16 52.69 196.85 OK
r-devel-linux-x86_64-debian-gcc 1.5-0 100.62 41.77 142.39 OK
r-devel-linux-x86_64-fedora-clang 1.5-0 288.83 OK
r-devel-linux-x86_64-fedora-gcc 1.5-0 251.30 OK
r-devel-windows-x86_64 1.5-0 132.00 60.00 192.00 OK
r-devel-windows-x86_64-gcc10-UCRT 1.5-0 ERROR
r-patched-linux-x86_64 1.5-0 111.43 51.23 162.66 OK
r-patched-solaris-x86 1.5-0 243.50 OK
r-release-linux-x86_64 1.5-0 115.81 51.16 166.97 OK
r-release-macos-arm64 1.5-0 NOTE
r-release-macos-x86_64 1.5-0 OK
r-release-windows-ix86+x86_64 1.5-0 337.00 79.00 416.00 OK
r-oldrel-macos-x86_64 1.5-0 OK
r-oldrel-windows-ix86+x86_64 1.5-0 353.00 115.00 468.00 OK

Check Details

Version: 1.5-0
Check: whether package can be installed
Result: ERROR
    Installation failed.
Flavor: r-devel-windows-x86_64-gcc10-UCRT

Version: 1.5-0
Check: installed package size
Result: NOTE
     installed size is 5.4Mb
     sub-directories of 1Mb or more:
     libs 5.0Mb
Flavor: r-release-macos-arm64