CRAN Package Check Results for Package mco

Last updated on 2021-10-18 22:56:11 CEST.

Flavor Version Tinstall Tcheck Ttotal Status Flags
r-devel-linux-x86_64-debian-clang 1.15.6 4.85 39.14 43.99 NOTE
r-devel-linux-x86_64-debian-gcc 1.15.6 3.50 30.79 34.29 NOTE
r-devel-linux-x86_64-fedora-clang 1.15.6 64.48 NOTE
r-devel-linux-x86_64-fedora-gcc 1.15.6 53.02 NOTE
r-devel-windows-x86_64 1.15.6 8.00 59.00 67.00 NOTE
r-devel-windows-x86_64-gcc10-UCRT 1.15.6 NOTE
r-patched-linux-x86_64 1.15.6 4.09 39.85 43.94 NOTE
r-patched-solaris-x86 1.15.6 85.40 NOTE
r-release-linux-x86_64 1.15.6 3.56 38.78 42.34 NOTE
r-release-macos-arm64 1.15.6 NOTE
r-release-macos-x86_64 1.15.6 NOTE
r-release-windows-ix86+x86_64 1.15.6 12.00 82.00 94.00 NOTE
r-oldrel-macos-x86_64 1.15.6 OK
r-oldrel-windows-ix86+x86_64 1.15.6 17.00 86.00 103.00 OK

Check Details

Version: 1.15.6
Check: LazyData
Result: NOTE
     'LazyData' is specified without a 'data' directory
Flavors: r-devel-linux-x86_64-debian-clang, r-devel-linux-x86_64-debian-gcc, r-devel-linux-x86_64-fedora-clang, r-devel-linux-x86_64-fedora-gcc, r-devel-windows-x86_64, r-devel-windows-x86_64-gcc10-UCRT, r-patched-linux-x86_64, r-patched-solaris-x86, r-release-linux-x86_64, r-release-macos-arm64, r-release-macos-x86_64, r-release-windows-ix86+x86_64