CRAN Package Check Results for Package mdthemes

Last updated on 2021-10-28 13:58:16 CEST.

Flavor Version Tinstall Tcheck Ttotal Status Flags
r-devel-linux-x86_64-debian-clang 0.1.0 2.23 26.75 28.98 NOTE
r-devel-linux-x86_64-debian-gcc 0.1.0 1.82 20.40 22.22 NOTE
r-devel-linux-x86_64-fedora-clang 0.1.0 44.96 NOTE
r-devel-linux-x86_64-fedora-gcc 0.1.0 33.70 NOTE
r-devel-windows-x86_64 0.1.0 5.00 31.00 36.00 NOTE
r-devel-windows-x86_64-gcc10-UCRT 0.1.0 NOTE
r-patched-linux-x86_64 0.1.0 2.31 24.78 27.09 NOTE
r-patched-solaris-x86 0.1.0 55.70 NOTE
r-release-linux-x86_64 0.1.0 1.96 24.82 26.78 NOTE
r-release-macos-arm64 0.1.0 NOTE
r-release-macos-x86_64 0.1.0 NOTE
r-release-windows-ix86+x86_64 0.1.0 5.00 43.00 48.00 NOTE
r-oldrel-macos-x86_64 0.1.0 OK
r-oldrel-windows-ix86+x86_64 0.1.0 5.00 44.00 49.00 OK

Check Details

Version: 0.1.0
Check: LazyData
Result: NOTE
     'LazyData' is specified without a 'data' directory
Flavors: r-devel-linux-x86_64-debian-clang, r-devel-linux-x86_64-debian-gcc, r-devel-linux-x86_64-fedora-clang, r-devel-linux-x86_64-fedora-gcc, r-devel-windows-x86_64, r-devel-windows-x86_64-gcc10-UCRT, r-patched-linux-x86_64, r-patched-solaris-x86, r-release-linux-x86_64, r-release-macos-arm64, r-release-macos-x86_64, r-release-windows-ix86+x86_64