CRAN Package Check Results for Package measuRing

Last updated on 2024-07-23 04:57:43 CEST.

Flavor Version Tinstall Tcheck Ttotal Status Flags
r-devel-linux-x86_64-debian-clang 0.5 11.01 102.83 113.84 NOTE
r-devel-linux-x86_64-debian-gcc 0.5 8.11 75.65 83.76 NOTE
r-devel-linux-x86_64-fedora-clang 0.5 145.70 NOTE
r-devel-linux-x86_64-fedora-gcc 0.5 136.10 NOTE
r-devel-windows-x86_64 0.5 11.00 94.00 105.00 NOTE
r-patched-linux-x86_64 0.5 15.21 99.12 114.33 NOTE
r-release-linux-x86_64 0.5 9.91 97.69 107.60 NOTE
r-release-macos-arm64 0.5 39.00 NOTE
r-release-macos-x86_64 0.5 63.00 NOTE
r-release-windows-x86_64 0.5 10.00 91.00 101.00 NOTE
r-oldrel-macos-arm64 0.5 50.00 NOTE
r-oldrel-macos-x86_64 0.5 75.00 NOTE
r-oldrel-windows-x86_64 0.5 13.00 108.00 121.00 NOTE

Check Details

Version: 0.5
Check: LazyData
Result: NOTE 'LazyData' is specified without a 'data' directory Flavors: r-devel-linux-x86_64-debian-clang, r-devel-linux-x86_64-debian-gcc, r-devel-linux-x86_64-fedora-clang, r-devel-linux-x86_64-fedora-gcc, r-devel-windows-x86_64, r-patched-linux-x86_64, r-release-linux-x86_64, r-release-macos-arm64, r-release-macos-x86_64, r-release-windows-x86_64, r-oldrel-macos-arm64, r-oldrel-macos-x86_64, r-oldrel-windows-x86_64

Version: 0.5
Check: Rd cross-references
Result: NOTE Found the following Rd file(s) with Rd \link{} targets missing package anchors: crossRings.Rd: dplR, corr.rwl.seg, ccf.series.rwl, spag.plot Please provide package anchors for all Rd \link{} targets not in the package itself and the base packages. Flavors: r-devel-linux-x86_64-debian-gcc, r-devel-windows-x86_64