CRAN Package Check Results for Package memery

Last updated on 2021-10-15 22:54:21 CEST.

Flavor Version Tinstall Tcheck Ttotal Status Flags
r-devel-linux-x86_64-debian-clang 0.5.6 2.77 28.60 31.37 NOTE
r-devel-linux-x86_64-debian-gcc 0.5.6 2.26 22.44 24.70 NOTE
r-devel-linux-x86_64-fedora-clang 0.5.6 49.06 NOTE
r-devel-linux-x86_64-fedora-gcc 0.5.6 39.17 NOTE
r-devel-windows-x86_64 0.5.6 5.00 37.00 42.00 NOTE
r-devel-windows-x86_64-gcc10-UCRT 0.5.6 NOTE
r-patched-linux-x86_64 0.5.6 2.88 27.52 30.40 NOTE
r-patched-solaris-x86 0.5.6 59.60 NOTE
r-release-linux-x86_64 0.5.6 2.73 27.42 30.15 NOTE
r-release-macos-arm64 0.5.6 NOTE
r-release-macos-x86_64 0.5.6 NOTE
r-release-windows-ix86+x86_64 0.5.6 7.00 50.00 57.00 NOTE
r-oldrel-macos-x86_64 0.5.6 NOTE
r-oldrel-windows-ix86+x86_64 0.5.6 8.00 48.00 56.00 OK

Check Details

Version: 0.5.6
Check: LazyData
Result: NOTE
     'LazyData' is specified without a 'data' directory
Flavors: r-devel-linux-x86_64-debian-clang, r-devel-linux-x86_64-debian-gcc, r-devel-linux-x86_64-fedora-clang, r-devel-linux-x86_64-fedora-gcc, r-devel-windows-x86_64, r-devel-windows-x86_64-gcc10-UCRT, r-patched-linux-x86_64, r-patched-solaris-x86, r-release-linux-x86_64, r-release-macos-arm64, r-release-macos-x86_64, r-release-windows-ix86+x86_64

Version: 0.5.6
Check: dependencies in R code
Result: NOTE
    Namespaces in Imports field not imported from:
     ‘colourpicker’ ‘shinyBS’ ‘shinycssloaders’
     All declared Imports should be used.
Flavors: r-devel-linux-x86_64-fedora-clang, r-devel-linux-x86_64-fedora-gcc, r-devel-windows-x86_64-gcc10-UCRT, r-patched-solaris-x86, r-release-macos-arm64, r-release-macos-x86_64, r-oldrel-macos-x86_64

Version: 0.5.6
Check: package dependencies
Result: NOTE
    Package suggested but not available for checking: ‘gifski’
Flavor: r-patched-solaris-x86