CRAN Package Check Results for Package memisc

Last updated on 2024-02-27 09:54:00 CET.

Flavor Version Tinstall Tcheck Ttotal Status Flags
r-devel-linux-x86_64-debian-clang 0.99.31.7 35.67 190.98 226.65 OK
r-devel-linux-x86_64-debian-gcc 0.99.31.7 34.19 138.41 172.60 OK
r-devel-linux-x86_64-fedora-clang 0.99.31.7 280.22 NOTE
r-devel-linux-x86_64-fedora-gcc 0.99.31.7 284.32 OK
r-devel-windows-x86_64 0.99.31.7 35.00 159.00 194.00 NOTE
r-patched-linux-x86_64 0.99.31.7 38.68 184.10 222.78 OK
r-release-linux-x86_64 0.99.31.7 42.01 182.52 224.53 OK
r-release-macos-arm64 0.99.31.7 101.00 NOTE
r-release-macos-x86_64 0.99.31.7 252.00 NOTE
r-release-windows-x86_64 0.99.31.7 35.00 198.00 233.00 NOTE
r-oldrel-macos-arm64 0.99.31.7 110.00 NOTE
r-oldrel-windows-x86_64 0.99.31.7 51.00 198.00 249.00 NOTE

Check Details

Version: 0.99.31.7
Check: installed package size
Result: NOTE installed size is 5.4Mb sub-directories of 1Mb or more: R 1.4Mb doc 3.1Mb Flavors: r-devel-linux-x86_64-fedora-clang, r-devel-windows-x86_64, r-release-macos-arm64, r-release-macos-x86_64, r-release-windows-x86_64, r-oldrel-macos-arm64, r-oldrel-windows-x86_64