CRAN Package Check Results for Package messaging

Last updated on 2024-07-19 04:56:42 CEST.

Flavor Version Tinstall Tcheck Ttotal Status Flags
r-devel-linux-x86_64-debian-clang 0.1.0 5.76 42.47 48.23 NOTE
r-devel-linux-x86_64-debian-gcc 0.1.0 3.67 32.63 36.30 NOTE
r-devel-linux-x86_64-fedora-clang 0.1.0 59.99 NOTE
r-devel-linux-x86_64-fedora-gcc 0.1.0 59.80 NOTE
r-devel-windows-x86_64 0.1.0 8.00 53.00 61.00 NOTE
r-patched-linux-x86_64 0.1.0 4.48 40.33 44.81 NOTE
r-release-linux-x86_64 0.1.0 4.68 41.75 46.43 NOTE
r-release-macos-arm64 0.1.0 21.00 NOTE
r-release-macos-x86_64 0.1.0 48.00 NOTE
r-release-windows-x86_64 0.1.0 5.00 52.00 57.00 NOTE
r-oldrel-macos-arm64 0.1.0 24.00 NOTE
r-oldrel-macos-x86_64 0.1.0 31.00 NOTE
r-oldrel-windows-x86_64 0.1.0 7.00 57.00 64.00 NOTE

Check Details

Version: 0.1.0
Check: LazyData
Result: NOTE 'LazyData' is specified without a 'data' directory Flavors: r-devel-linux-x86_64-debian-clang, r-devel-linux-x86_64-debian-gcc, r-devel-linux-x86_64-fedora-clang, r-devel-linux-x86_64-fedora-gcc, r-devel-windows-x86_64, r-patched-linux-x86_64, r-release-linux-x86_64, r-release-macos-arm64, r-release-macos-x86_64, r-release-windows-x86_64, r-oldrel-macos-arm64, r-oldrel-macos-x86_64, r-oldrel-windows-x86_64