CRAN Package Check Results for Package meta

Last updated on 2021-10-19 13:53:28 CEST.

Flavor Version Tinstall Tcheck Ttotal Status Flags
r-devel-linux-x86_64-debian-clang 5.0-0 46.77 257.36 304.13 OK
r-devel-linux-x86_64-debian-gcc 5.0-0 40.21 192.41 232.62 OK
r-devel-linux-x86_64-fedora-clang 5.0-0 379.28 NOTE
r-devel-linux-x86_64-fedora-gcc 5.0-0 363.65 OK
r-devel-windows-x86_64 5.0-0 71.00 287.00 358.00 OK
r-devel-windows-x86_64-gcc10-UCRT 5.0-0 OK
r-patched-linux-x86_64 5.0-0 47.84 251.22 299.06 OK
r-patched-solaris-x86 5.0-0 433.40 OK
r-release-linux-x86_64 5.0-0 42.82 250.11 292.93 OK
r-release-macos-arm64 4.19-2 OK
r-release-macos-x86_64 5.0-0 OK
r-release-windows-ix86+x86_64 5.0-0 55.00 204.00 259.00 OK
r-oldrel-macos-x86_64 5.0-0 OK
r-oldrel-windows-ix86+x86_64 5.0-0 52.00 197.00 249.00 OK

Check Details

Version: 5.0-0
Check: Rd cross-references
Result: NOTE
    Undeclared packages ‘metasens’, ‘robumeta’ in Rd xrefs
Flavor: r-devel-linux-x86_64-fedora-clang