CRAN Package Check Results for Package metaCluster

Last updated on 2024-04-23 10:54:08 CEST.

Flavor Version Tinstall Tcheck Ttotal Status Flags
r-devel-linux-x86_64-debian-clang 0.1.0 0.37 2.02 2.39 ERROR
r-devel-linux-x86_64-debian-gcc 0.1.0 15.14 116.88 132.02 OK
r-devel-linux-x86_64-fedora-clang 0.1.0 224.40 OK
r-devel-linux-x86_64-fedora-gcc 0.1.0 211.60 OK
r-prerel-macos-arm64 0.1.0 59.00 OK
r-prerel-macos-x86_64 0.1.0 110.00 OK
r-prerel-windows-x86_64 0.1.0 18.00 120.00 138.00 OK
r-patched-linux-x86_64 0.1.0 13.90 150.82 164.72 OK
r-release-linux-x86_64 0.1.0 19.76 158.49 178.25 OK
r-release-macos-arm64 0.1.0 66.00 OK
r-release-macos-x86_64 0.1.0 104.00 OK
r-release-windows-x86_64 0.1.0 23.00 152.00 175.00 OK
r-oldrel-macos-arm64 0.1.0 60.00 OK
r-oldrel-windows-x86_64 0.1.0 24.00 158.00 182.00 OK

Check Details

Version: 0.1.0
Check: package dependencies
Result: ERROR Package required but not available: ‘Biostrings’ See section ‘The DESCRIPTION file’ in the ‘Writing R Extensions’ manual. Flavor: r-devel-linux-x86_64-debian-clang