CRAN Package Check Results for Package metaEnsembleR

Last updated on 2024-06-13 06:58:08 CEST.

Flavor Version Tinstall Tcheck Ttotal Status Flags
r-devel-linux-x86_64-debian-clang 0.1.0 4.16 38.24 42.40 NOTE
r-devel-linux-x86_64-debian-gcc 0.1.0 0.29 1.91 2.20 ERROR
r-devel-linux-x86_64-fedora-clang 0.1.0 54.93 NOTE
r-devel-linux-x86_64-fedora-gcc 0.1.0 64.16 NOTE
r-devel-windows-x86_64 0.1.0 5.00 49.00 54.00 NOTE
r-patched-linux-x86_64 0.1.0 2.69 35.95 38.64 NOTE
r-release-linux-x86_64 0.1.0 2.39 36.88 39.27 NOTE
r-release-macos-arm64 0.1.0 28.00 NOTE
r-release-macos-x86_64 0.1.0 41.00 NOTE
r-release-windows-x86_64 0.1.0 5.00 53.00 58.00 NOTE
r-oldrel-macos-arm64 0.1.0 26.00 OK
r-oldrel-macos-x86_64 0.1.0 36.00 OK
r-oldrel-windows-x86_64 0.1.0 6.00 53.00 59.00 OK

Check Details

Version: 0.1.0
Check: Rd files
Result: NOTE checkRd: (-1) ensembler.classifier.Rd:47: Lost braces; missing escapes or markup? 47 | {ensembler_return[1]}{Test data predictions.} | ^ checkRd: (-1) ensembler.classifier.Rd:47: Lost braces 47 | {ensembler_return[1]}{Test data predictions.} | ^ checkRd: (-1) ensembler.classifier.Rd:48: Lost braces; missing escapes or markup? 48 | {ensembler_return[2]}{Prediction labels.} | ^ checkRd: (-1) ensembler.classifier.Rd:48: Lost braces 48 | {ensembler_return[2]}{Prediction labels.} | ^ checkRd: (-1) ensembler.classifier.Rd:49: Lost braces; missing escapes or markup? 49 | {ensembler_return[3]}{Model Result.} | ^ checkRd: (-1) ensembler.classifier.Rd:49: Lost braces 49 | {ensembler_return[3]}{Model Result.} | ^ checkRd: (-1) ensembler.classifier.Rd:50: Lost braces; missing escapes or markup? 50 | {ensembler_return[4]}{Unseen data predictions.} | ^ checkRd: (-1) ensembler.classifier.Rd:50: Lost braces 50 | {ensembler_return[4]}{Unseen data predictions.} | ^ checkRd: (-1) ensembler.regression.Rd:47: Lost braces; missing escapes or markup? 47 | {ensembler_return[1]}{Test data predictions.} | ^ checkRd: (-1) ensembler.regression.Rd:47: Lost braces 47 | {ensembler_return[1]}{Test data predictions.} | ^ checkRd: (-1) ensembler.regression.Rd:48: Lost braces; missing escapes or markup? 48 | {ensembler_return[2]}{Prediction values.} | ^ checkRd: (-1) ensembler.regression.Rd:48: Lost braces 48 | {ensembler_return[2]}{Prediction values.} | ^ checkRd: (-1) ensembler.regression.Rd:49: Lost braces; missing escapes or markup? 49 | {ensembler_return[3]}{Model Result.} | ^ checkRd: (-1) ensembler.regression.Rd:49: Lost braces 49 | {ensembler_return[3]}{Model Result.} | ^ checkRd: (-1) ensembler.regression.Rd:50: Lost braces; missing escapes or markup? 50 | {ensembler_return[4]}{Unseen data predictions.} | ^ checkRd: (-1) ensembler.regression.Rd:50: Lost braces 50 | {ensembler_return[4]}{Unseen data predictions.} | ^ Flavors: r-devel-linux-x86_64-debian-clang, r-devel-linux-x86_64-fedora-clang, r-devel-linux-x86_64-fedora-gcc, r-devel-windows-x86_64, r-patched-linux-x86_64, r-release-linux-x86_64, r-release-macos-arm64, r-release-macos-x86_64, r-release-windows-x86_64

Version: 0.1.0
Check: package dependencies
Result: ERROR Packages required but not available: 'caret', 'ggplot2' See section ‘The DESCRIPTION file’ in the ‘Writing R Extensions’ manual. Flavor: r-devel-linux-x86_64-debian-gcc

Version: 0.1.0
Check: dependencies in R code
Result: NOTE Namespaces in Imports field not imported from: ‘e1071’ ‘gbm’ ‘ggplot2’ ‘graphics’ ‘randomForest’ All declared Imports should be used. Flavors: r-devel-linux-x86_64-fedora-clang, r-devel-linux-x86_64-fedora-gcc