CRAN Package Check Results for Package metaEnsembleR

Last updated on 2021-09-17 04:49:24 CEST.

Flavor Version Tinstall Tcheck Ttotal Status Flags
r-devel-linux-x86_64-debian-clang 0.1.0 2.45 29.41 31.86 OK
r-devel-linux-x86_64-debian-gcc 0.1.0 2.07 22.89 24.96 OK
r-devel-linux-x86_64-fedora-clang 0.1.0 50.06 NOTE
r-devel-linux-x86_64-fedora-gcc 0.1.0 37.04 NOTE
r-devel-windows-x86_64 0.1.0 5.00 49.00 54.00 OK
r-devel-windows-x86_64-gcc10-UCRT 0.1.0 NOTE
r-patched-linux-x86_64 0.1.0 2.28 28.14 30.42 OK
r-patched-solaris-x86 0.1.0 58.20 NOTE
r-release-linux-x86_64 0.1.0 2.39 28.47 30.86 OK
r-release-macos-arm64 0.1.0 NOTE
r-release-macos-x86_64 0.1.0 NOTE
r-release-windows-ix86+x86_64 0.1.0 7.00 37.00 44.00 OK
r-oldrel-macos-x86_64 0.1.0 NOTE
r-oldrel-windows-ix86+x86_64 0.1.0 18.00 42.00 60.00 OK

Check Details

Version: 0.1.0
Check: dependencies in R code
Result: NOTE
    Namespaces in Imports field not imported from:
     ‘e1071’ ‘gbm’ ‘ggplot2’ ‘graphics’ ‘randomForest’
     All declared Imports should be used.
Flavors: r-devel-linux-x86_64-fedora-clang, r-devel-linux-x86_64-fedora-gcc, r-devel-windows-x86_64-gcc10-UCRT, r-patched-solaris-x86, r-release-macos-arm64, r-release-macos-x86_64, r-oldrel-macos-x86_64