CRAN Package Check Results for Package metamedian

Last updated on 2021-10-25 16:49:15 CEST.

Flavor Version Tinstall Tcheck Ttotal Status Flags
r-devel-linux-x86_64-debian-clang 0.1.5 2.31 26.55 28.86 NOTE
r-devel-linux-x86_64-debian-gcc 0.1.5 2.03 20.35 22.38 NOTE
r-devel-linux-x86_64-fedora-clang 0.1.5 45.49 NOTE
r-devel-linux-x86_64-fedora-gcc 0.1.5 34.81 NOTE
r-devel-windows-x86_64 0.1.5 5.00 48.00 53.00 NOTE
r-devel-windows-x86_64-gcc10-UCRT 0.1.5 NOTE
r-patched-linux-x86_64 0.1.5 8.25 25.57 33.82 NOTE
r-patched-solaris-x86 0.1.5 56.40 NOTE
r-release-linux-x86_64 0.1.5 2.45 25.76 28.21 NOTE
r-release-macos-arm64 0.1.5 NOTE
r-release-macos-x86_64 0.1.5 NOTE
r-release-windows-ix86+x86_64 0.1.5 5.00 46.00 51.00 NOTE
r-oldrel-macos-x86_64 0.1.5 OK
r-oldrel-windows-ix86+x86_64 0.1.5 7.00 43.00 50.00 OK

Check Details

Version: 0.1.5
Check: LazyData
Result: NOTE
     'LazyData' is specified without a 'data' directory
Flavors: r-devel-linux-x86_64-debian-clang, r-devel-linux-x86_64-debian-gcc, r-devel-linux-x86_64-fedora-clang, r-devel-linux-x86_64-fedora-gcc, r-devel-windows-x86_64, r-devel-windows-x86_64-gcc10-UCRT, r-patched-linux-x86_64, r-patched-solaris-x86, r-release-linux-x86_64, r-release-macos-arm64, r-release-macos-x86_64, r-release-windows-ix86+x86_64