CRAN Package Check Results for Package metamer

Last updated on 2021-10-20 04:55:26 CEST.

Flavor Version Tinstall Tcheck Ttotal Status Flags
r-devel-linux-x86_64-debian-clang 0.2.0 2.54 34.97 37.51 NOTE
r-devel-linux-x86_64-debian-gcc 0.2.0 2.13 26.91 29.04 NOTE
r-devel-linux-x86_64-fedora-clang 0.2.0 54.93 NOTE
r-devel-linux-x86_64-fedora-gcc 0.2.0 44.74 NOTE
r-devel-windows-x86_64 0.2.0 5.00 52.00 57.00 NOTE
r-devel-windows-x86_64-gcc10-UCRT 0.2.0 NOTE
r-patched-linux-x86_64 0.2.0 2.82 34.01 36.83 NOTE
r-patched-solaris-x86 0.2.0 69.30 NOTE
r-release-linux-x86_64 0.2.0 2.68 34.34 37.02 NOTE
r-release-macos-arm64 0.2.0 NOTE
r-release-macos-x86_64 0.2.0 NOTE
r-release-windows-ix86+x86_64 0.2.0 4.00 53.00 57.00 NOTE
r-oldrel-macos-x86_64 0.2.0 OK
r-oldrel-windows-ix86+x86_64 0.2.0 7.00 56.00 63.00 OK

Check Details

Version: 0.2.0
Check: LazyData
Result: NOTE
     'LazyData' is specified without a 'data' directory
Flavors: r-devel-linux-x86_64-debian-clang, r-devel-linux-x86_64-debian-gcc, r-devel-linux-x86_64-fedora-clang, r-devel-linux-x86_64-fedora-gcc, r-devel-windows-x86_64, r-devel-windows-x86_64-gcc10-UCRT, r-patched-linux-x86_64, r-patched-solaris-x86, r-release-linux-x86_64, r-release-macos-arm64, r-release-macos-x86_64, r-release-windows-ix86+x86_64