CRAN Package Check Results for Package metapack

Last updated on 2021-09-27 16:50:21 CEST.

Flavor Version Tinstall Tcheck Ttotal Status Flags
r-devel-linux-x86_64-debian-clang 0.1.3 480.73 71.68 552.41 OK
r-devel-linux-x86_64-debian-gcc 0.1.3 336.25 55.90 392.15 OK
r-devel-linux-x86_64-fedora-clang 0.1.3 825.37 NOTE
r-devel-linux-x86_64-fedora-gcc 0.1.3 733.25 OK
r-devel-windows-x86_64 0.1.3 401.00 83.00 484.00 OK
r-devel-windows-x86_64-gcc10-UCRT 0.1.3 OK
r-patched-linux-x86_64 0.1.3 387.74 70.17 457.91 OK
r-patched-solaris-x86 0.1.3 625.20 OK
r-release-linux-x86_64 0.1.3 392.69 69.52 462.21 OK
r-release-macos-arm64 0.1.3 NOTE
r-release-macos-x86_64 0.1.3 NOTE
r-release-windows-ix86+x86_64 0.1.3 1072.00 97.00 1169.00 NOTE
r-oldrel-macos-x86_64 0.1.3 NOTE
r-oldrel-windows-ix86+x86_64 0.1.3 797.00 102.00 899.00 NOTE

Check Details

Version: 0.1.3
Check: installed package size
Result: NOTE
     installed size is 27.1Mb
     sub-directories of 1Mb or more:
     libs 26.7Mb
Flavors: r-devel-linux-x86_64-fedora-clang, r-release-macos-arm64, r-release-macos-x86_64, r-release-windows-ix86+x86_64, r-oldrel-macos-x86_64, r-oldrel-windows-ix86+x86_64