CRAN Package Check Results for Package metaprotr

Last updated on 2021-09-17 01:50:11 CEST.

Flavor Version Tinstall Tcheck Ttotal Status Flags
r-devel-linux-x86_64-debian-clang 1.2.2 9.53 77.63 87.16 OK
r-devel-linux-x86_64-debian-gcc 1.2.2 8.36 55.79 64.15 OK
r-devel-linux-x86_64-fedora-clang 1.2.2 109.29 NOTE
r-devel-linux-x86_64-fedora-gcc 1.2.2 98.90 NOTE
r-devel-windows-x86_64 1.2.2 12.00 95.00 107.00 OK
r-devel-windows-x86_64-gcc10-UCRT 1.2.2 NOTE
r-patched-linux-x86_64 1.2.2 10.25 72.01 82.26 OK
r-patched-solaris-x86 1.2.2 132.80 NOTE
r-release-linux-x86_64 1.2.2 10.09 71.95 82.04 OK
r-release-macos-arm64 1.2.2 NOTE
r-release-macos-x86_64 1.2.2 NOTE
r-release-windows-ix86+x86_64 1.2.2 24.00 68.00 92.00 OK
r-oldrel-macos-x86_64 1.2.2 NOTE
r-oldrel-windows-ix86+x86_64 1.2.2 30.00 94.00 124.00 OK

Check Details

Version: 1.2.2
Check: dependencies in R code
Result: NOTE
    Namespaces in Imports field not imported from:
     ‘ade4’ ‘dendextend’ ‘ggforce’ ‘ggrepel’ ‘stringr’ ‘tidyverse’
     All declared Imports should be used.
Flavors: r-devel-linux-x86_64-fedora-clang, r-devel-linux-x86_64-fedora-gcc, r-devel-windows-x86_64-gcc10-UCRT, r-patched-solaris-x86, r-release-macos-arm64, r-release-macos-x86_64, r-oldrel-macos-x86_64