CRAN Package Check Results for Package meteoForecast

Last updated on 2021-10-25 01:48:52 CEST.

Flavor Version Tinstall Tcheck Ttotal Status Flags
r-devel-linux-x86_64-debian-clang 0.54 20.99 211.15 232.14 NOTE
r-devel-linux-x86_64-debian-gcc 0.54 18.26 159.15 177.41 NOTE
r-devel-linux-x86_64-fedora-clang 0.54 289.51 NOTE
r-devel-linux-x86_64-fedora-gcc 0.54 280.76 NOTE
r-devel-windows-x86_64 0.54 35.00 232.00 267.00 NOTE
r-devel-windows-x86_64-gcc10-UCRT 0.54 NOTE
r-patched-linux-x86_64 0.54 21.60 205.37 226.97 NOTE
r-patched-solaris-x86 0.54 161.80 NOTE
r-release-linux-x86_64 0.54 23.02 204.37 227.39 NOTE
r-release-macos-arm64 0.54 NOTE
r-release-macos-x86_64 0.54 NOTE
r-release-windows-ix86+x86_64 0.54 35.00 239.00 274.00 NOTE
r-oldrel-macos-x86_64 0.54 OK
r-oldrel-windows-ix86+x86_64 0.54 22.00 105.00 127.00 OK

Check Details

Version: 0.54
Check: LazyData
Result: NOTE
     'LazyData' is specified without a 'data' directory
Flavors: r-devel-linux-x86_64-debian-clang, r-devel-linux-x86_64-debian-gcc, r-devel-linux-x86_64-fedora-clang, r-devel-linux-x86_64-fedora-gcc, r-devel-windows-x86_64, r-devel-windows-x86_64-gcc10-UCRT, r-patched-linux-x86_64, r-patched-solaris-x86, r-release-linux-x86_64, r-release-macos-arm64, r-release-macos-x86_64, r-release-windows-ix86+x86_64