CRAN Package Check Results for Package meteoland

Last updated on 2021-09-26 01:49:57 CEST.

Flavor Version Tinstall Tcheck Ttotal Status Flags
r-devel-linux-x86_64-debian-clang 0.9.7 126.05 261.41 387.46 OK
r-devel-linux-x86_64-debian-gcc 0.9.7 84.98 190.73 275.71 OK
r-devel-linux-x86_64-fedora-clang 0.9.7 490.37 NOTE
r-devel-linux-x86_64-fedora-gcc 0.9.7 449.51 OK
r-devel-windows-x86_64 0.9.7 114.00 234.00 348.00 OK
r-devel-windows-x86_64-gcc10-UCRT 0.9.7 OK
r-patched-linux-x86_64 0.9.7 102.10 241.50 343.60 OK
r-patched-solaris-x86 0.9.7 519.00 OK
r-release-linux-x86_64 0.9.7 106.24 242.01 348.25 OK
r-release-macos-arm64 0.9.7 NOTE
r-release-macos-x86_64 0.9.7 NOTE
r-release-windows-ix86+x86_64 0.9.7 253.00 300.00 553.00 NOTE
r-oldrel-macos-x86_64 0.9.7 NOTE
r-oldrel-windows-ix86+x86_64 0.9.7 187.00 295.00 482.00 NOTE

Check Details

Version: 0.9.7
Check: installed package size
Result: NOTE
     installed size is 5.8Mb
     sub-directories of 1Mb or more:
     R 1.1Mb
     libs 3.3Mb
Flavors: r-devel-linux-x86_64-fedora-clang, r-release-macos-arm64, r-release-macos-x86_64, r-release-windows-ix86+x86_64, r-oldrel-macos-x86_64, r-oldrel-windows-ix86+x86_64