CRAN Package Check Results for Package mev

Last updated on 2021-09-17 13:53:29 CEST.

Flavor Version Tinstall Tcheck Ttotal Status Flags
r-devel-linux-x86_64-debian-clang 1.13.1 139.12 184.54 323.66 OK
r-devel-linux-x86_64-debian-gcc 1.13.1 91.18 133.49 224.67 OK
r-devel-linux-x86_64-fedora-clang 1.13.1 417.17 NOTE
r-devel-linux-x86_64-fedora-gcc 1.13.1 381.25 OK
r-devel-windows-x86_64 1.13.1 121.00 210.00 331.00 OK
r-devel-windows-x86_64-gcc10-UCRT 1.13.1 OK
r-patched-linux-x86_64 1.13.1 112.08 176.16 288.24 OK
r-patched-solaris-x86 1.13.1 386.50 OK
r-release-linux-x86_64 1.13.1 112.53 174.73 287.26 OK
r-release-macos-arm64 1.13.1 NOTE
r-release-macos-x86_64 1.13.1 NOTE
r-release-windows-ix86+x86_64 1.13.1 266.00 172.00 438.00 OK
r-oldrel-macos-x86_64 1.13.1 NOTE
r-oldrel-windows-ix86+x86_64 1.13.1 264.00 166.00 430.00 OK

Check Details

Version: 1.13.1
Check: installed package size
Result: NOTE
     installed size is 7.4Mb
     sub-directories of 1Mb or more:
     libs 5.8Mb
Flavors: r-devel-linux-x86_64-fedora-clang, r-release-macos-arm64, r-release-macos-x86_64, r-oldrel-macos-x86_64

Version: 1.13.1
Check: Rd cross-references
Result: NOTE
    Undeclared packages ‘hoa’, ‘evir’ in Rd xrefs
Flavor: r-devel-linux-x86_64-fedora-clang