CRAN Package Check Results for Package mhazard

Last updated on 2021-09-22 01:48:54 CEST.

Flavor Version Tinstall Tcheck Ttotal Status Flags
r-devel-linux-x86_64-debian-clang 0.1.2 57.39 95.82 153.21 NOTE
r-devel-linux-x86_64-debian-gcc 0.1.2 38.42 73.99 112.41 NOTE
r-devel-linux-x86_64-fedora-clang 0.1.2 209.51 NOTE
r-devel-linux-x86_64-fedora-gcc 0.1.2 185.12 NOTE
r-devel-windows-x86_64 0.1.2 53.00 93.00 146.00 NOTE
r-devel-windows-x86_64-gcc10-UCRT 0.1.2 ERROR
r-patched-linux-x86_64 0.1.2 45.37 92.83 138.20 NOTE
r-patched-solaris-x86 0.1.2 251.00 NOTE
r-release-linux-x86_64 0.1.2 45.55 93.34 138.89 NOTE
r-release-macos-arm64 0.1.2 NOTE
r-release-macos-x86_64 0.1.2 NOTE
r-release-windows-ix86+x86_64 0.1.2 129.00 132.00 261.00 NOTE
r-oldrel-macos-x86_64 0.1.2 OK
r-oldrel-windows-ix86+x86_64 0.1.2 123.00 134.00 257.00 OK

Check Details

Version: 0.1.2
Check: LazyData
Result: NOTE
     'LazyData' is specified without a 'data' directory
Flavors: r-devel-linux-x86_64-debian-clang, r-devel-linux-x86_64-debian-gcc, r-devel-linux-x86_64-fedora-clang, r-devel-linux-x86_64-fedora-gcc, r-devel-windows-x86_64, r-patched-linux-x86_64, r-patched-solaris-x86, r-release-linux-x86_64, r-release-macos-arm64, r-release-macos-x86_64, r-release-windows-ix86+x86_64

Version: 0.1.2
Check: whether package can be installed
Result: ERROR
    Installation failed.
Flavor: r-devel-windows-x86_64-gcc10-UCRT