Last updated on 2023-09-25 16:03:43 CEST.
Flavor | Version | Tinstall | Tcheck | Ttotal | Status | Flags |
---|---|---|---|---|---|---|
r-devel-linux-x86_64-debian-clang | 1.1 | 3.63 | 59.50 | 63.13 | NOTE | |
r-devel-linux-x86_64-debian-gcc | 1.1 | 2.73 | 46.38 | 49.11 | NOTE | |
r-devel-linux-x86_64-fedora-clang | 1.1 | 80.22 | NOTE | |||
r-devel-linux-x86_64-fedora-gcc | 1.1 | 92.27 | NOTE | |||
r-devel-windows-x86_64 | 1.1 | 7.00 | 80.00 | 87.00 | OK | |
r-patched-linux-x86_64 | 1.1 | 2.96 | 60.14 | 63.10 | OK | |
r-release-linux-x86_64 | 1.1 | 3.39 | 60.30 | 63.69 | OK | |
r-release-macos-arm64 | 1.1 | 40.00 | NOTE | |||
r-release-macos-x86_64 | 1.1 | 55.00 | NOTE | |||
r-release-windows-x86_64 | 1.1 | 7.00 | 92.00 | 99.00 | OK | |
r-oldrel-macos-arm64 | 1.1 | 24.00 | NOTE | |||
r-oldrel-macos-x86_64 | 1.1 | 42.00 | NOTE | |||
r-oldrel-windows-x86_64 | 1.1 | 7.00 | 90.00 | 97.00 | OK |
Version: 1.1
Check: package dependencies
Result: NOTE
Package suggested but not available for checking: ‘DAPAR’
Flavors: r-devel-linux-x86_64-debian-clang, r-devel-linux-x86_64-debian-gcc
Version: 1.1
Check: package dependencies
Result: NOTE
Packages suggested but not available for checking: 'DAPAR', 'ProteoMM'
Flavors: r-devel-linux-x86_64-fedora-clang, r-devel-linux-x86_64-fedora-gcc, r-release-macos-arm64, r-release-macos-x86_64, r-oldrel-macos-arm64, r-oldrel-macos-x86_64