CRAN Package Check Results for Package micromapST

Last updated on 2021-10-19 10:50:58 CEST.

Flavor Version Tinstall Tcheck Ttotal Status Flags
r-devel-linux-x86_64-debian-clang 1.1.1 9.53 77.86 87.39 NOTE
r-devel-linux-x86_64-debian-gcc 1.1.1 8.76 58.53 67.29 NOTE
r-devel-linux-x86_64-fedora-clang 1.1.1 117.50 NOTE
r-devel-linux-x86_64-fedora-gcc 1.1.1 108.00 NOTE
r-devel-windows-x86_64 1.1.1 18.00 102.00 120.00 OK
r-devel-windows-x86_64-gcc10-UCRT 1.1.1 OK
r-patched-linux-x86_64 1.1.1 10.85 75.47 86.32 NOTE
r-patched-solaris-x86 1.1.1 142.00 NOTE
r-release-linux-x86_64 1.1.1 10.66 75.38 86.04 NOTE
r-release-macos-arm64 1.1.1 OK
r-release-macos-x86_64 1.1.1 OK
r-release-windows-ix86+x86_64 1.1.1 14.00 99.00 113.00 OK
r-oldrel-macos-x86_64 1.1.1 OK
r-oldrel-windows-ix86+x86_64 1.1.1 18.00 100.00 118.00 OK

Check Details

Version: 1.1.1
Check: for non-standard things in the check directory
Result: NOTE
    Found the following files/directories:
     'Ex01-WFLung-2000-2004-State-Dot-County-Box.pdf'
     'Ex02-WmLung50-70-Arrow-Bar.pdf' 'Ex03-Time-Series-with-Conf.pdf'
     'Ex04-Scatter-Dots.pdf' 'Ex05-Stkd-Bar-var-height.pdf'
     'Ex06-Stkd-Bar-fixedheight-nodot.pdf' 'Ex07-Educ-Centered-Bar.pdf'
     'Ex08-DotSignificants.pdf' 'Ex09-Kansas Population and
     Inc-8.5x14-sn.pdf' 'Ex10-Kansas Population and Inc-11x17.pdf'
     'Ex11-New York Pop 2010 and Change-sn colSize.pdf' 'Ex12-MD Pop 1970
     and 2010 plus change-map.pdf' 'Ex13-China 2013 Population.pdf'
     'Ex14-Seoul 2012 Population.pdf' 'Ex15-Utah Population.pdf'
     'Ex16_state.x77_no_DC.pdf' 'Ex17_state.x77_DCasNA_D.pdf' 'Ex18_Africa
     Micromap-11x17.pdf'
Flavors: r-devel-linux-x86_64-debian-clang, r-devel-linux-x86_64-debian-gcc, r-devel-linux-x86_64-fedora-clang, r-devel-linux-x86_64-fedora-gcc, r-patched-linux-x86_64, r-patched-solaris-x86, r-release-linux-x86_64