CRAN Package Check Results for Package midrangeMCP

Last updated on 2021-09-26 01:49:57 CEST.

Flavor Version Tinstall Tcheck Ttotal Status Flags
r-devel-linux-x86_64-debian-clang 3.1.1 5.84 42.61 48.45 NOTE
r-devel-linux-x86_64-debian-gcc 3.1.1 4.75 33.44 38.19 NOTE
r-devel-linux-x86_64-fedora-clang 3.1.1 71.25 NOTE
r-devel-linux-x86_64-fedora-gcc 3.1.1 59.79 NOTE
r-devel-windows-x86_64 3.1.1 6.00 42.00 48.00 NOTE
r-devel-windows-x86_64-gcc10-UCRT 3.1.1 NOTE
r-patched-linux-x86_64 3.1.1 6.25 42.75 49.00 NOTE
r-patched-solaris-x86 3.1.1 85.00 NOTE
r-release-linux-x86_64 3.1.1 6.18 42.54 48.72 NOTE
r-release-macos-arm64 3.1.1 NOTE
r-release-macos-x86_64 3.1.1 NOTE
r-release-windows-ix86+x86_64 3.1.1 10.00 40.00 50.00 NOTE
r-oldrel-macos-x86_64 3.1.1 OK
r-oldrel-windows-ix86+x86_64 3.1.1 25.00 48.00 73.00 OK

Check Details

Version: 3.1.1
Check: LazyData
Result: NOTE
     'LazyData' is specified without a 'data' directory
Flavors: r-devel-linux-x86_64-debian-clang, r-devel-linux-x86_64-debian-gcc, r-devel-linux-x86_64-fedora-clang, r-devel-linux-x86_64-fedora-gcc, r-devel-windows-x86_64, r-devel-windows-x86_64-gcc10-UCRT, r-patched-linux-x86_64, r-patched-solaris-x86, r-release-linux-x86_64, r-release-macos-arm64, r-release-macos-x86_64, r-release-windows-ix86+x86_64