CRAN Package Check Results for Package milorGWAS

Last updated on 2021-09-27 19:50:25 CEST.

Flavor Version Tinstall Tcheck Ttotal Status Flags
r-devel-linux-x86_64-debian-clang 0.3 61.09 92.47 153.56 OK
r-devel-linux-x86_64-debian-gcc 0.3 39.32 70.06 109.38 OK
r-devel-linux-x86_64-fedora-clang 0.3 227.13 NOTE
r-devel-linux-x86_64-fedora-gcc 0.3 191.36 OK
r-devel-windows-x86_64 0.3 52.00 96.00 148.00 OK
r-devel-windows-x86_64-gcc10-UCRT 0.3 OK
r-patched-linux-x86_64 0.3 48.32 89.56 137.88 OK
r-patched-solaris-x86 0.3 276.10 OK
r-release-linux-x86_64 0.3 48.53 90.46 138.99 OK
r-release-macos-arm64 0.3 NOTE
r-release-macos-x86_64 0.3 NOTE
r-release-windows-ix86+x86_64 0.3 140.00 111.00 251.00 OK
r-oldrel-macos-x86_64 0.3 NOTE
r-oldrel-windows-ix86+x86_64 0.3 94.00 114.00 208.00 OK

Check Details

Version: 0.3
Check: installed package size
Result: NOTE
     installed size is 6.2Mb
     sub-directories of 1Mb or more:
     libs 5.6Mb
Flavors: r-devel-linux-x86_64-fedora-clang, r-release-macos-arm64, r-release-macos-x86_64, r-oldrel-macos-x86_64